100011110
In base 10, what is -4 - 405?
-409
In base 8, what is -14 + -264?
-300
In base 11, what is 16 + -24?
-9
In base 14, what is -5 + -ad7?
-adc
In base 9, what is -88 - 3?
-102
In base 12, what is 21a9 + 4?
21b1
In base 2, what is -1011 - 10010011011?
-10010100110
In base 14, what is 11c - 4c?
b0
In base 3, what is 220 - 12010?
-11020
In base 9, what is -2 - -36?
34
In base 2, what is -1100000 + 100001?
-111111
In base 7, what is 4 + -13?
-6
In base 15, what is -970 - 2?
-972
In base 2, what is 100 + 101000?
101100
In base 13, what is -5 - 104?
-109
In base 2, what is 101 - -1010?
1111
In base 11, what is 523a - 4?
5236
In base 16, what is 4 - -c0?
c4
In base 15, what is 16d + 15?
183
In base 12, what is -3 - -347?
344
In base 11, what is 5 - 1a6?
-1a1
In base 16, what is 10 - -7?
17
In base 5, what is -44 - -211?
112
In base 16, what is -21 - -2?
-1f
In base 9, what is -82 - -5?
-76
In base 14, what is 609 + -5?
604
In base 8, what is -24 + 352?
326
In base 2, what is -101 - 101110?
-110011
In base 9, what is -3 - 1?
-4
In base 10, what is -326 - 1?
-327
In base 16, what is 5a + -f?
4b
In base 12, what is -5 + 43?
3a
In base 7, what is 4503 - -10?
4513
In base 7, what is -4 - 24?
-31
In base 15, what is 38 - 6?
32
In base 16, what is 2bd + 3?
2c0
In base 15, what is -b8 + 24?
-94
In base 16, what is -3 + -b8?
-bb
In base 9, what is -142 + 26?
-115
In base 13, what is -11c8 - 0?
-11c8
In base 15, what is -da + -12?
-ec
In base 15, what is -2 + 1e0?
1dd
In base 7, what is -10144 + 5?
-10136
In base 9, what is -542 - 0?
-542
In base 4, what is 0 + 1102?
1102
In base 8, what is 23 - 157?
-134
In base 4, what is -11 + 21021?
21010
In base 6, what is -252 + -4?
-300
In base 14, what is 19 + 1cd?
208
In base 11, what is 3 - 198?
-195
In base 6, what is -512 + -33?
-545
In base 14, what is -43 - 116?
-159
In base 15, what is -3 - 8?
-b
In base 11, what is -2 + 52?
50
In base 12, what is -4 + 524?
520
In base 12, what is -5 + a7?
a2
In base 11, what is 5 - 56?
-51
In base 14, what is 1d + 1b?
3a
In base 2, what is -101 - 1101111?
-1110100
In base 10, what is 16 - 3?
13
In base 4, what is -3 + 13?
10
In base 3, what is -10 - 1112000?
-1112010
In base 11, what is -148 - -3?
-145
In base 7, what is -2 + 5415?
5413
In base 14, what is 0 + -4b?
-4b
In base 12, what is 11 - -4?
15
In base 9, what is -2 - 15?
-17
In base 7, what is -1354 - -4?
-1350
In base 7, what is -451 + -4?
-455
In base 7, what is 1053 - 3?
1050
In base 9, what is 0 - -152?
152
In base 15, what is -5 + -c8?
-cd
In base 16, what is 7f + 33?
b2
In base 14, what is -a + -736?
-742
In base 9, what is 4 - 244?
-240
In base 16, what is e - 6?
8
In base 10, what is 4 - 13?
-9
In base 8, what is 5 + -2423?
-2416
In base 15, what is -39 - 29?
-63
In base 12, what is 0 - 247?
-247
In base 6, what is -22 + -14?
-40
In base 12, what is b6 + 7?
101
In base 7, what is 256 - 3?
253
In base 11, what is -2 + 44?
42
In base 15, what is -6d5 + -16?
-6eb
In base 5, what is 144444 + -3?
144441
In base 16, what is -a + -34?
-3e
In base 6, what is 4 - -230?
234
In base 7, what is 4436 + 4?
4443
In base 15, what is -2a + -16?
-41
In base 6, what is 5 - 11?
-2
In base 15, what is 0 - -28?
28
In base 6, what is -53052 - -1?
-53051
In base 3, what is 200 - 1?
122
In base 3, what is -1111201020 - -2?
-1111201011
In base 14, what is 32 - 161?
-12d
In base 9, what is -1 - 51?
-52
In base 12, what is -38 - -14?
-24
In base 3, what is 12120111 + -2?
12120102
In base 15, what is 4354 - -4?
4358
In base 14, what is -5 - -a?
5
In base 10, what is -4 + 20?
16
In base 9, what is 448 - 20?
428
In base 11, what is -86 + -23?
-a9
In base 3, what is -111 + -121?
-1002
In base 6, what is -2 - 11031?
-11033
In base 14, what is 0 - -9?
9
In base 15, what is -2 + -40?
-42
In base 16, what is 0 - 2c0?
-2c0
In base 2, what is -10010001 + -11?
-10010100
In base 4, what is 303 + 20?
323
In base 8, what is -4 + 11555?
11551
In base 7, what is -4 - 301?
-305
In base 8, what is 2577 + -5?
2572
In base 4, what is -1323 - 113?
-2102
In base 15, what is -2 - 13?
-15
In base 14, what is -6b6d - 2?
-6b71
In base 2, what is 1001111 - -1?
1010000
In base 8, what is 2 - -1657?
1661
In base 2, what is -101 - -11111?
11010
In base 2, what is 1110 - -101011000?
101100110
In base 5, what is 2433 - -21?
3004
In base 6, what is -4040 + -3?
-4043
In base 12, what is -b7 + 1?
-b6
In base 3, what is 11 + 221111?
221122
In base 9, what is 282 + -1?
281
In base 4, what is -2 + -1020?
-1022
In base 14, what is 1d2 - -4?
1d6
In base 15, what is 4 + -57?
-53
In base 4, what is 10233 + 20?
10313
In base 15, what is -562 + 17?
-54a
In base 14, what is -1 - 134?
-135
In base 11, what is -4 - -6?
2
In base 4, what is 3 + 110?
113
In base 6, what is -4011 - 1?
-4012
In base 8, what is 2756 - 4?
2752
In base 8, what is -64 - -13?
-51
In base 11, what is -35a - 3?
-362
In base 9, what is 1 - -80?
81
In base 6, what is 5 + 220?
225
In base 8, what is -35 - 127?
-164
In base 8, what is -2 + -53?
-55
In base 8, what is -340 - -15?
-323
In base 4, what is -3 + 1230?
1221
In base 4, what is -101121 - 10?
-101131
In base 3, what is -10220 + 1212?
-2001
In base 10, what is 150 + -6?
144
In base 10, what is -22 - 11?
-33
In base 11, what is 147 + -12?
135
In base 15, what is 9e + 4?
a3
In base 8, what is 141 - -2?
143
In base 10, what is 21 - 2?
19
In base 2, what is -10 - -10000111?
10000101
In base 13, what is 5a - -20?
7a
In base 5, what is 31 + 313?
344
In base 6, what is -32 + 311?
235
In base 7, what is 1 - -61?
62
In base 3, what is -122 + -1111?
-2010
In base 5, what is 0 - -113?
113
In base 8, what is 6 + 215?
223
In base 16, what is -5 + d2?
cd
In base 8, what is 4 - 3275?
-3271
In base 16, what is 1 - 38?
-37
In base 10, what is -2 + -1586?
-1588
In base 5, what is 10201 - 4?
10142
In base 14, what is 2d + 2b?
5a
In base 15, what is 5 - b8b?
-b86
In base 14, what is 0 + 27?
27
In base 8, what is 6311 - 1?
6310
In base 8, what is -1 + -527?
-530
In base 4, what is 10 - -1?
11
In base 5, what is -4143 - -33?
-4110
In base 6, what is 2 - -1300?
1302
In base 12, what is 852 + 2?
854
In base 6, what is 1 - 1005?
-1004
In base 16, what is -b1 + 1b?
-96
In base 9, what is -28 + 5?
-23
In base 8, what is 437 + -5?
432
In base 6, what is -20023 + -1?
-20024
In base 5, what is 2 - 2031?
-2024
In base 8, what is -55 + 121?
44
In base 6, what is -34 - 3?
-41
In base 12, what is 0 + 45?
45
In base 12, what is 13 - -121?
134
In base 9, what is 5036 - -3?
5040
In base 7, what is -5 + 133?
125
In base 7, what is 6 - 12?
-3
In base 5, what is 22401 - -1?
22402
In base 8, what is 224 - 50?
154
In base 15, what is -1356 + -3?
-1359
In base 11, what is 4424 + 0?
4424
In base 2, what is 111 - -1?
1000
In base 16, what is 3 - -232?
235
In base 9, what is 240 - -31?
271
In base 12, what is -7bb7 + 4?
-7bb3
In base 13, what is 4 + -26?
-22
In base 6, what is -3210 + -4?
-3214
In base 12, what is 4 - 1041?
-1039
In base 8, what is 31 + 75?
126
In base 10, what is 95 - -1?
96
In base 5, what is -14311 - 1?
-14312
In base 12, what is -2 + -16a?
-170
In base 8, what is -366 - -3?
-363
In base 6, what is 5 + 45?
54
In base 16, what is -37d + 5?
-378
In base 14, what is 7 + 1?
8
In base 11, what is -2 - -64?
62
In base 5, what is 22342 + 10?
22402
In base 16, what is -1 + 3ac?
3ab
In base 14, what is -55a - -1?
-559
In base 5, what is 3 - -2?
10
In base 8, what is 3 + 74?
77
In base 11, what is 3 + -838?
-835
In base 12, what is -52 + 47?
-7
In base 10, what is -1 - -621?
620
In base 12, what is -6 + -47?
-51
In base 13, what is -8 + -1c4?
-1cc
In base 13, what is 3 + 39?
3c
In base 12, what is 89 - -6?
93
In base 5, what is -1 - -12?
11
In base 6, what is -40252 - 3?
-40255
In base 11, what is -1503 - -4?
-14aa
In base 16, what is -33 + 3?
-30
In base 11, what is -79 - 5?
-83
In base 10, what is -1515 + -4?
-1519
In base 16, what is 3a2 + 3?
3a5
In base 5, what is -14014 + -4?
-14023
In base 4, what is -1122 - 1120?
-2302
In base 16, what is 0 - 42?
-42
In base 6, what is 2 - 30102?
-30100
In base 14, what is -7 + -82?
-89
In base 12, what is 171 + -34?
139
In base 5, what is 10 - 12331?
-12321
In base 13, what is -669 + 0?
-669
In base 4, what is -31 + 2?
-23
In base 5, what is 1